 11. Let y(x) = 8*x**2 - 123*x + 12. Let f(v) = 5*s(v) + 6*y(v). Calculate f(2).
3
Let w(k) be the second derivative of k**4/3 - k**3/3 + k**2/2 - k + 1849. Give w(1).
3
Suppose 30 - 578 = -4*d. Let o(v) = 0*v - 138*v**2 + 2*v + 9 + d*v**2 + 5*v. Determine o(7).
9
Let k(h) = -h**3 - 2*h**2 + 15*h + 2. Let n(o) = -o**3 - 104*o**2 - 54*o - 43. Let s(j) = 3*k(j) - n(j). What is s(50)?
-1
Let d(o) = -o**3 - 18*o**2 - 54*o + 33. Let j be d(-14). Let y(x) = 13*x + 6. Let a(l) = 6*l + 3. Let f(g) = -5*a(g) + 2*y(g). Give f(j).
-23
Let b(d) = -d**3 - 12*d**2 - 28*d - 4. Let s(a) = -a**3 - 13*a**2 - 29*a - 3. Let k(h) = -3*b(h) + 4*s(h). Give k(-13).
-91
Let l(n) = 3*n + 3. Let r(y) = -y - 1. Let p(t) = l(t) + 5*r(t). Suppose -701 + 706 = -w. What is p(w)?
8
Suppose -21*t + 15*t = -168. Suppose 6*q - t = -64. Let j(g) = -g**3 - 7*g**2 - 5*g + 4. Give j(q).
-2
Let d(q) = 21*q + 734. Let x be d(-36). Let l(h) = -2*h**3 - 43*h**2 + 26*h + 23. Calculate l(x).
-65
Let f(h) = -h**3 + h**2 + 23. Let d(c) = -c**2 + 5*c + 6. Let p be d(-1). Calculate f(p).
23
Suppose 0 = 2*j - 6557 + 6547. Let d(l) = -l**3 + 4*l**2 + 4*l - 4. Give d(j).
-9
Let o(j) = -7*j**2 - 65*j + 348. Let r(f) = -3*f**2 - 32*f + 172. Let b(i) = 4*o(i) - 9*r(i). Calculate b(20).
4
Let k(o) = -3*o + 74. Let v(p) = -19*p + 446. Let r(x) = -34*k(x) + 6*v(x). Let f be r(13). Let u(a) = a**2 - 3*a - 4. Give u(f).
0
Let s(u) = -3*u + 7*u - u**2 - 2*u - u - u**3 - 1. Let l(f) be the third derivative of -f**6/120 + f**5/20 - f**3/3 - 20*f**2. Let w be l(0). Give s(w).
1
Let i(z) be the second derivative of z**4/12 - 2*z**3 - 3*z**2 + z. Let j(u) = -71*u**3 - 2*u**2 - 5*u + 2. Let o be j(2). Let k = o + 596. Calculate i(k).
-6
Suppose 4*p = 3*z + 389, 2*p + 3*z = -117 + 316. Suppose 57 = 31*r - p. Let d(t) = -t**2 + 5*t + 7. Calculate d(r).
7
Let h(v) = 37*v**3 - 16*v**2 - 2*v + 3. Let w(m) = 21*m**3 - 8*m**2 + 1. Let o(u) = 4*h(u) - 7*w(u). Calculate o(-2).
-19
Let l(x) = 17*x**3 - 3*x**2 + 16*x - 12. Let z(w) = 40*w**3 - 5*w**2 + 33*w - 26. Let s(j) = 7*l(j) - 3*z(j). Calculate s(-7).
-48
Let i(b) = b**3 - 6*b**2 - 3*b - 1. Let r(v) = -8*v**3 + 31*v**2 + 17*v + 5. Let m(x) = -5*i(x) - r(x). Calculate m(3).
66
Suppose w = -5*z - 14, 1087*z = w + 1086*z - 4. Let a(t) = 17*t**3 - 9*t + 9. What is a(w)?
17
Suppose -592*n - 18206 = -1630. Let j(a) = -5*a - 107. What is j(n)?
33
Let p be 2 - (-19 + 12/4). Suppose -23*c - p = -17*c. Let k(a) = -a**2 + 3*a + 3. Calculate k(c).
-15
Let z(i) = -i**3 - 2*i**2 - 2*i - 2. Suppose -q + 4 = -1. Suppose -3*o - 4 = -q*o. Suppose -8*b - 18 = -o*b. What is z(b)?
13
Let x(l) be the third derivative of 1/360*l**6 + 0*l + 7*l**2 + 4*l**3 + 0*l**4 - 7/120*l**5 + 0. Let p(k) be the first derivative of x(k). Determine p(7).
0
Let f(x) = 5*x - 20. Let g be f(5). Suppose g*z - 2 = 8. Let k(i) = -7*i**2 - 3 - 1 + 4 - 8*i + i**3 - z. What is k(8)?
-2
Let p(k) be the third derivative of -k**4/24 + 3*k**3 + 205*k**2. Calculate p(27).
-9
Suppose 89 = -26*v + 219. Let y(a) = a + 0*a**2 - 3*a**3 + v*a**3 + 3*a**2 - 3*a**3 + 32 - 29. Suppose 5*o + 1 = 5*z - 4, -14 = -4*z - o. Calculate y(z).
6
Let l(d) be the third derivative of -d**4/6 + 5*d**3/3 + 2885*d**2. What is l(6)?
-14
Suppose 20 - 6 = 2*d. Let w(b) be the second derivative of b**4/12 - 3*b**3/2 + 2*b**2 + 65*b - 2. Calculate w(d).
-10
Let a(w) = w**3 + 6*w**2 - 2*w - 9. Suppose 0 = -37*f + 40*f + 5*j + 18, 5*f = -4*j - 30. What is a(f)?
3
Let l = 565 - 221. Let w(q) = -346*q**2 - 15 + 10*q + 24 + l*q**2. What is w(6)?
-3
Let h = -22148 + 22150. Let b(d) = 14*d**3 - d**2 + 6*d - 1. Determine b(h).
119
Let b(w) = -2*w**2 + 3*w - 2. Let a be b(1). Let q(n) = 48*n + 4. Let x be q(a). Let g be (-2)/(-8) - 77/x. Let u(s) = -s**3 + s**2 + 4*s - 3. Give u(g).
1
Let d(g) = -13*g - 102. Let x(r) = 13*r**2 - 230*r + 145. Let f be x(17). What is d(f)?
2
Let d(m) = -m**2 - 2*m + 124. Let l be 6*(-24)/8 - (-7 + 1). What is d(l)?
4
Suppose -743*l - 2642*l - 1464*l + 14341 = -9904. Let s(w) be the third derivative of w**4/24 + w**3/3 - w**2. Calculate s(l).
7
Let g(x) = x**2 - 3*x + 30. Let d(q) = -149*q - 894. Let t be d(-6). Give g(t).
30
Let h(f) be the first derivative of f**3/3 + 17*f**2/2 - 18*f - 181. Give h(-13).
-70
Let v(p) = -5 + 4 + 2*p - 1. Let u be ((-90)/54)/(10/(-36)). Determine v(u).
10
Let h(w) = -5*w**3 + 2*w**2 + w. Let y be (-2)/(-7) - (-10)/14. Let l(b) = -39*b - 775. Let i be l(-21). Let p be (-33)/i - y/4. What is h(p)?
6
Let x(t) be the third derivative of t**5/30 + t**4/4 + 3*t**3/2 - 2917*t**2. What is x(-4)?
17
Let l(p) = -20*p**2 - 9*p - 73. Let r(m) = 17*m**2 + 7*m + 71. Let j(f) = 6*l(f) + 7*r(f). Calculate j(-9).
23
Let t(o) = -7196052 + 5*o**2 + 13*o**2 + 7196048 - 4*o. Determine t(-1).
18
Let k = 124 + -121. Let x(j) = 89*j**2 - 93*j**2 - j**k + 0 + 4. Give x(-4).
4
Let d(n) = n**3 - 5*n - 7. Let g = -1458 - -1463. Give d(g).
93
Let g(r) = r**2 + 627 - 314 + 24*r - 300. Give g(-23).
-10
Suppose -62 + 110 = 6*s. Suppose s*n = 13*n + 10. Let p(a) = a**3 + a**2 - a + 2. What is p(n)?
0
Let x(g) = -g**3 + 21*g**2 - 67*g. Let t be x(4). Let f(m) = -m**3 + 3*m**2 + 5*m + 3. Calculate f(t).
7
Let z(t) be the second derivative of t**3/3 - 2*t**2 + 20*t + 2. Suppose 2*a = 5*i + 15 - 5, 2*i + 5*a = -4. Let n = i + -5. Determine z(n).
-18
Let z(h) be the third derivative of -2*h**5/15 - h**4/3 - 4*h**3/3 - 65*h**2. Let m(o) = -9*o**2 - 10*o - 9. Let q(u) = 6*m(u) - 7*z(u). Determine q(3).
8
Let l(u) be the third derivative of -11*u**4/12 - 3*u**3 + 1576*u**2. What is l(-1)?
4
Let m(b) = -4*b + 14. Suppose -4*v = -4*g - 2*v + 82, 0 = -3*g - v + 49. Suppose g = 7*a - 31. What is m(a)?
-14
Let g(r) = r**2 + 11*r + 15. Let u(z) = z**3 - 13*z + 2. Suppose 4*i - 4*x + 24 = 0, -3*i - 13 = -5*x + 9. Let y be u(i). Determine g(y).
5
Suppose -5*o - 8 = -4*i, -4*o + 3*i - 9 + 2 = 0. Let b(y) = 5*y - 6*y + 5*y - 2*y - 6. Determine b(o).
-14
Let z(l) = 6*l**3 - 29*l**2 - 21*l + 45. Let i(c) = 3*c**3 - 16*c**2 - 11*c + 24. Let n(p) = -7*i(p) + 4*z(p). Give n(4).
112
Let y(m) = -m - 2. Let f(p) = -3*p**2 + 3*p - 12. Let a be f(3). Let c = 34 + a. Give y(c).
-6
Let m(y) = -6*y**2 - 64*y - 32. Let g be m(-10). Let c(f) = f - 15. What is c(g)?
-7
Let a(k) be the first derivative of -k**4/4 + 8*k**3/3 + k**2/2 + 14*k + 5692. Calculate a(6).
92
Suppose 0 = -a + 2*f + 19, -a + 5*f + 60 - 23 = 0. Suppose -2*d - 3*d + 20 = 0. Let x(t) = 9 - 2 + t**2 - d*t - 6*t. Calculate x(a).
-14
Let a(d) be the first derivative of d**3/6 + 25*d + 27. Let y(z) be the first derivative of a(z). What is y(-5)?
-5
Let i(s) = -s - 13. Let v(n) = -24*n**2 + n + 1. Let f = 2 + -3. Let w be v(f). Let u be (-6)/(-9) + (-4)/w*-46. Calculate i(u).
-6
Suppose -21*l + 5*l = 4*l. Suppose -m + 3*u + 8 = 0, 2*u + l + 4 = 2*m. Let i(x) = -22*x - 1. Determine i(m).
21
Suppose 2*j + 2*p - 4*p = 48, j - 27 = 4*p. Let q = j - 21. Suppose 2*z - 16 = 5*v, -2*z + 7*z - 2*v + q = 0. Let k(b) = 3*b - 2. Give k(z).
-8
Suppose 4*m + 266 + 14 = 0. Let w be ((-50)/m)/(2/14). Let a(x) = 2*x - 1. Let o(u) = -u**3 + 5*u**2 + 3. Let h(z) = a(z) - o(z). Determine h(w).
6
Let c(w) = 3*w - 4. Suppose -m = 2*o, 3*o + o = 4*m - 12. Suppose 2*n = -6*f + m*f - 18, -2*f = -n - 1. Determine c(n).
-19
Let a(k) = 3*k**2 + 24*k + 20. Let l = -55 + 39. Let z be 4/12*15*l/10. Let y(v) = -v**2 - 8*v - 7. Let u(h) = z*y(h) - 3*a(h). Give u(-7).
3
Let o(i) be the first derivative of -i**3/3 + 11*i**2/2 + i - 1. Suppose -5*d - 18 = 2*l, 27 = -115*l + 116*l - 2*d. Give o(l).
1
Suppose 3*j - q + 1072 = 1040, -2*j - 4*q - 26 = 0. Let u(n) = -7*n - 69. What is u(j)?
8
Let c(k) = -2*k**3 + 35*k**2 + 19*k - 22. Let t be c(18). Let r = t - -9. Let v be (6/r*5)/(3/(-4)). Let h(u) = u**2 + 7*u - 1. Determine h(v).
7
Let n(r) = -r**2 + 30*r - 56. Let x = -5326 + 5354. Determine n(x).
0
Let y = 9189 - 9192. Let u(t) = -t**2 - t - 1. What is u(y)?
-7
Let l(t) = 3*t + 392. Let s(j) = 2*j + 486. Let g(m) = 5*l(m) - 4*s(m). What is g(-15)?
-89
Let r(h) = -h**3 - 9*h**2 + 9*h - 2. Let f be r(-10). Let n(v) = 1 - v**2 - 8 + 8438*v - 8428*v. Determine n(f).
9
Let q be 15 + ((-8)/(-2) - 16). Let v(w) = -7*w + 16. Calculate v(q).
-5
Let q(r) = 2*r**2 + 54*r + 370. Let p be q(-15). Let a(j) = -j**3 + 10*j**2 + j + 4. De